{"id":107,"date":"2019-07-18T14:09:15","date_gmt":"2019-07-18T12:09:15","guid":{"rendered":"http:\/\/lstbad.free.fr\/?page_id=107"},"modified":"2025-09-07T12:31:55","modified_gmt":"2025-09-07T10:31:55","slug":"licence-jeune","status":"publish","type":"page","link":"https:\/\/lstbad.fr\/index.php\/licence-jeune\/","title":{"rendered":"Licence<br\/>Jeune"},"content":{"rendered":"\n<p>Apprendre ou approfondir le bad d\u00e8s 10 ans (cm2).<\/p>\n\n\n\n<hr class=\"wp-block-separator has-css-opacity\"\/>\n\n\n\n<p class=\"has-text-align-center has-luminous-vivid-amber-to-luminous-vivid-orange-gradient-background has-background\"><strong>Session 2025-26 compl\u00e8te pour les entrainements jeunes.<\/strong><\/p>\n\n\n\n<p>Formule pour les jeunes ou les \u00e9tudiants<\/p>\n\n\n\n<ul class=\"wp-block-list\">\n<li><strong>Entra\u00eenement le lundi soir de 18h \u00e0 19h30 pour les jeunes (de 10 \u00e0 16 ans &#8211;> CM2). <\/strong><\/li>\n\n\n\n<li><strong>Fourniture de volants plastiques lors des s\u00e9ances libres et des entra\u00eenements.<\/strong><\/li>\n\n\n\n<li><strong>Tarif pr\u00e9f\u00e9rentiel pour l\u2019achat de <a href=\"https:\/\/lstbad.fr\/index.php\/tenues-volants\/\">volants plumes<\/a>.<\/strong><\/li>\n\n\n\n<li><strong>Tarif familial : 2 personnes ou plus appartenant au m\u00eame foyer fiscal et  inscrites simultan\u00e9ment &#8211;&gt; R\u00e9duction de 10 \u20ac par personne.<\/strong>\n<ul class=\"wp-block-list\">\n<li><em>Formule \u00e9tudiant \u00e9galement disponible pour les demandeurs d&#8217;emploi<\/em>. <em>Le paiement peut \u00eatre fait par ch\u00e8que, \u00e0 l&rsquo;ordre de LSTBAD ou en esp\u00e8ces. Possibilit\u00e9 de paiement \u00e9chelonn\u00e9 en 2 fois.<\/em><\/li>\n\n\n\n<li><em>Le club accepte les ch\u00e8ques vacances, les ch\u00e8ques sports et les ch\u00e8ques coll\u00e9giens.<\/em><\/li>\n<\/ul>\n<\/li>\n<\/ul>\n\n\n<div class=\"wp-block-image\">\n<figure class=\"aligncenter size-full\"><img loading=\"lazy\" decoding=\"async\" width=\"200\" height=\"200\" src=\"https:\/\/lstbad.fr\/wp-content\/uploads\/2023\/08\/jeunes.png\" alt=\"\" class=\"wp-image-2904\" srcset=\"https:\/\/lstbad.fr\/wp-content\/uploads\/2023\/08\/jeunes.png 200w, https:\/\/lstbad.fr\/wp-content\/uploads\/2023\/08\/jeunes-150x150.png 150w\" sizes=\"(max-width: 200px) 100vw, 200px\" \/><\/figure><\/div>\n\n\n<hr class=\"wp-block-separator has-css-opacity\"\/>\n\n\n<div class=\"wp-block-image\">\n<figure class=\"alignleft\"><a href=\"https:\/\/lstbad.fr\/index.php\/licence-loisir\/\"><img loading=\"lazy\" decoding=\"async\" width=\"150\" height=\"150\" src=\"https:\/\/lstbad.fr\/wp-content\/uploads\/2019\/09\/Loisir-150x150.png\" alt=\"\" class=\"wp-image-805\" srcset=\"https:\/\/lstbad.fr\/wp-content\/uploads\/2019\/09\/Loisir-150x150.png 150w, https:\/\/lstbad.fr\/wp-content\/uploads\/2019\/09\/Loisir.png 200w\" sizes=\"(max-width: 150px) 100vw, 150px\" \/><\/a><figcaption class=\"wp-element-caption\">Licence loisir<\/figcaption><\/figure><\/div>\n\n<div class=\"wp-block-image\">\n<figure class=\"alignleft\"><a href=\"https:\/\/lstbad.fr\/index.php\/competiteur\/\"><img loading=\"lazy\" decoding=\"async\" width=\"150\" height=\"150\" src=\"https:\/\/lstbad.fr\/wp-content\/uploads\/2019\/09\/iconescompetiteur-150x150.png\" alt=\"\" class=\"wp-image-806\" srcset=\"https:\/\/lstbad.fr\/wp-content\/uploads\/2019\/09\/iconescompetiteur-150x150.png 150w, https:\/\/lstbad.fr\/wp-content\/uploads\/2019\/09\/iconescompetiteur.png 200w\" sizes=\"(max-width: 150px) 100vw, 150px\" \/><\/a><figcaption class=\"wp-element-caption\">Licence comp\u00e9titeur<\/figcaption><\/figure><\/div>\n\n<div class=\"wp-block-image\">\n<figure class=\"alignleft\"><a href=\"https:\/\/lstbad.fr\/index.php\/double-licence\/\"><img loading=\"lazy\" decoding=\"async\" width=\"150\" height=\"150\" src=\"https:\/\/lstbad.fr\/wp-content\/uploads\/2019\/09\/doubleL-1-150x150.png\" alt=\"\" class=\"wp-image-807\" srcset=\"https:\/\/lstbad.fr\/wp-content\/uploads\/2019\/09\/doubleL-1-150x150.png 150w, https:\/\/lstbad.fr\/wp-content\/uploads\/2019\/09\/doubleL-1.png 200w\" sizes=\"(max-width: 150px) 100vw, 150px\" \/><\/a><figcaption class=\"wp-element-caption\">Double cotisant<\/figcaption><\/figure><\/div>\n\n\n<p><\/p>\n\n\n\n<p><\/p>\n\n\n\n<p><\/p>\n\n\n\n<p><\/p>\n\n\n\n<p><\/p>\n\n\n\n<hr class=\"wp-block-separator has-alpha-channel-opacity\"\/>\n\n\n\n<h1 class=\"wp-block-heading\">Inscription 100 % en ligne<\/h1>\n\n\n\n<hr class=\"wp-block-separator has-alpha-channel-opacity\" id=\"block-cc70a1e5-3507-40f2-8a72-da188ee5b906\"\/>\n\n\n\n<p>Vous pouvez d\u00e9sormais tout faire en ligne pour vous inscrire, seul le certificat peut vous \u00eatre demand\u00e9.<\/p>\n\n\n\n<p>T\u00e9l\u00e9charger le mod\u00e8le ici : <a href=\"https:\/\/lstbad.fr\/wp-content\/uploads\/2025\/08\/Certificat-medical-de-non-contre-Indication.pdf\" target=\"_blank\" rel=\"noreferrer noopener\">Certificat m\u00e9dical 2025\/2026<\/a><\/p>\n\n\n\n<p id=\"block-2010bcea-4ada-402a-8273-322e6ec1f448\"><strong>Pour le renouvellement de licence :<\/strong> <a href=\"https:\/\/myffbad.fr\" target=\"_blank\" rel=\"noreferrer noopener\">https:\/\/myffbad.fr<\/a><\/p>\n\n\n\n<p><strong>Pour les nouvelles licences : <\/strong><a href=\"https:\/\/adherer.ffbad.club\/LSTBAD81 \">ht<\/a><a href=\"https:\/\/adherer.ffbad.club\/LSTBAD81\" target=\"_blank\" rel=\"noreferrer noopener\">tps:\/\/adherer.ffbad.club\/LSTBAD81<\/a><a href=\"https:\/\/adherer.ffbad.club\/LSTBAD81 \"> <\/a><\/p>\n\n\n\n<p id=\"block-4148287f-a690-4c66-a8d5-46ca1d21aafa\">Pour les r\u00e9inscriptions, le pas \u00e0 pas vous aidera si vous ne trouvez pas le site et le formulaire intuitifs.<\/p>\n\n\n\n<p id=\"block-b1d5c365-31be-47a4-9cf5-078fbbd89a9a\">Nous serons \u00e9galement disponibles par mail ou sur les cr\u00e9neaux pour vous aider si besoin.<\/p>\n\n\n\n<p id=\"block-8a906f2b-fc36-40aa-a815-2d72078a5871\"><a href=\"https:\/\/lstbad.fr\/wp-content\/uploads\/2023\/08\/Pas-a-pas-reinscription-en-ligne.pdf\">Guide pas \u00e0 p<\/a><a rel=\"noreferrer noopener\" href=\"https:\/\/lstbad.fr\/wp-content\/uploads\/2022\/09\/Pas-a-pas-reinscription-en-ligne.pdf\" target=\"_blank\">as<\/a><\/p>\n\n\n\n<hr class=\"wp-block-separator has-alpha-channel-opacity\"\/>\n\n\n\n<p><\/p>\n","protected":false},"excerpt":{"rendered":"<p>Apprendre ou approfondir le bad d\u00e8s 10 ans (cm2).<\/p>\n","protected":false},"author":1,"featured_media":837,"parent":0,"menu_order":0,"comment_status":"closed","ping_status":"closed","template":"","meta":{"footnotes":""},"class_list":["post-107","page","type-page","status-publish","has-post-thumbnail","hentry"],"_links":{"self":[{"href":"https:\/\/lstbad.fr\/index.php\/wp-json\/wp\/v2\/pages\/107"}],"collection":[{"href":"https:\/\/lstbad.fr\/index.php\/wp-json\/wp\/v2\/pages"}],"about":[{"href":"https:\/\/lstbad.fr\/index.php\/wp-json\/wp\/v2\/types\/page"}],"author":[{"embeddable":true,"href":"https:\/\/lstbad.fr\/index.php\/wp-json\/wp\/v2\/users\/1"}],"replies":[{"embeddable":true,"href":"https:\/\/lstbad.fr\/index.php\/wp-json\/wp\/v2\/comments?post=107"}],"version-history":[{"count":1,"href":"https:\/\/lstbad.fr\/index.php\/wp-json\/wp\/v2\/pages\/107\/revisions"}],"predecessor-version":[{"id":3496,"href":"https:\/\/lstbad.fr\/index.php\/wp-json\/wp\/v2\/pages\/107\/revisions\/3496"}],"wp:featuredmedia":[{"embeddable":true,"href":"https:\/\/lstbad.fr\/index.php\/wp-json\/wp\/v2\/media\/837"}],"wp:attachment":[{"href":"https:\/\/lstbad.fr\/index.php\/wp-json\/wp\/v2\/media?parent=107"}],"curies":[{"name":"wp","href":"https:\/\/api.w.org\/{rel}","templated":true}]}}