{"id":98,"date":"2019-07-18T13:56:45","date_gmt":"2019-07-18T11:56:45","guid":{"rendered":"http:\/\/lstbad.free.fr\/?page_id=98"},"modified":"2024-10-07T10:18:52","modified_gmt":"2024-10-07T08:18:52","slug":"competiteur","status":"publish","type":"page","link":"https:\/\/lstbad.fr\/index.php\/competiteur\/","title":{"rendered":"Licence<br\/>Comp\u00e9titeur"},"content":{"rendered":"\n<p>Pratique intensive (tournois et\/ou interclubs)<\/p>\n\n\n\n<hr class=\"wp-block-separator has-css-opacity\"\/>\n\n\n\n<ul class=\"wp-block-list\">\n<li><strong>Inscription gratuite \u00e0 deux tournois dans l&rsquo;ann\u00e9e (le 1er et le 5\u00e8me).<\/strong><\/li>\n\n\n\n<li><strong>Acc\u00e8s aux cr\u00e9neaux du lundi et du jeudi<\/strong>.<\/li>\n\n\n\n<li><strong>Interclubs (dans la limite des places disponibles)<\/strong>.<\/li>\n\n\n\n<li><strong>Fourniture de volants plastiques lors des s\u00e9ances.<\/strong><\/li>\n\n\n\n<li><strong>Tarif pr\u00e9f\u00e9rentiel pour l\u2019achat de <a href=\"https:\/\/lstbad.fr\/index.php\/tenues-volants\/\">volants plumes<\/a>.<\/strong><\/li>\n\n\n\n<li><strong>Tarif familial : 2 personnes ou plus appartenant au m\u00eame foyer fiscal et  inscrites simultan\u00e9ment &#8211;> R\u00e9duction de 10 \u20ac par personne.<\/strong>\n<ul class=\"wp-block-list\">\n<li> <em>Le paiement peut \u00eatre fait par ch\u00e8que, \u00e0 l&rsquo;ordre de LSTBAD ou en esp\u00e8ces. Possibilit\u00e9 de paiement \u00e9chelonn\u00e9 en 2 fois.<\/em><\/li>\n\n\n\n<li>Le club accepte les ch\u00e8ques vacances, les ch\u00e8ques sports et les ch\u00e8ques coll\u00e9giens.<\/li>\n<\/ul>\n<\/li>\n<\/ul>\n\n\n<div class=\"wp-block-image\">\n<figure class=\"aligncenter size-full\"><img loading=\"lazy\" decoding=\"async\" width=\"200\" height=\"200\" src=\"https:\/\/lstbad.fr\/wp-content\/uploads\/2023\/08\/130.png\" alt=\"\" class=\"wp-image-2906\" srcset=\"https:\/\/lstbad.fr\/wp-content\/uploads\/2023\/08\/130.png 200w, https:\/\/lstbad.fr\/wp-content\/uploads\/2023\/08\/130-150x150.png 150w\" sizes=\"(max-width: 200px) 100vw, 200px\" \/><\/figure><\/div>\n\n\n<hr class=\"wp-block-separator has-css-opacity\"\/>\n\n\n<div class=\"wp-block-image\">\n<figure class=\"alignleft\"><a href=\"https:\/\/lstbad.fr\/index.php\/double-licence\/\"><img loading=\"lazy\" decoding=\"async\" width=\"150\" height=\"150\" src=\"https:\/\/lstbad.fr\/wp-content\/uploads\/2019\/09\/doubleL-1-150x150.png\" alt=\"\" class=\"wp-image-807\" srcset=\"https:\/\/lstbad.fr\/wp-content\/uploads\/2019\/09\/doubleL-1-150x150.png 150w, https:\/\/lstbad.fr\/wp-content\/uploads\/2019\/09\/doubleL-1.png 200w\" sizes=\"(max-width: 150px) 100vw, 150px\" \/><\/a><figcaption class=\"wp-element-caption\">Double  cotisant <\/figcaption><\/figure><\/div>\n\n<div class=\"wp-block-image\">\n<figure class=\"alignleft\"><a href=\"https:\/\/lstbad.fr\/index.php\/licence-jeune\/\"><img loading=\"lazy\" decoding=\"async\" width=\"150\" height=\"150\" src=\"https:\/\/lstbad.fr\/wp-content\/uploads\/2019\/09\/jeune-2-150x150.png\" alt=\"\" class=\"wp-image-837\" srcset=\"https:\/\/lstbad.fr\/wp-content\/uploads\/2019\/09\/jeune-2-150x150.png 150w, https:\/\/lstbad.fr\/wp-content\/uploads\/2019\/09\/jeune-2.png 200w\" sizes=\"(max-width: 150px) 100vw, 150px\" \/><\/a><figcaption class=\"wp-element-caption\">Licence jeune<\/figcaption><\/figure><\/div>\n\n<div class=\"wp-block-image\">\n<figure class=\"alignleft\"><a href=\"https:\/\/lstbad.fr\/index.php\/licence-loisir\/\"><img loading=\"lazy\" decoding=\"async\" width=\"150\" height=\"150\" src=\"https:\/\/lstbad.fr\/wp-content\/uploads\/2019\/09\/Loisir-150x150.png\" alt=\"\" class=\"wp-image-805\" srcset=\"https:\/\/lstbad.fr\/wp-content\/uploads\/2019\/09\/Loisir-150x150.png 150w, https:\/\/lstbad.fr\/wp-content\/uploads\/2019\/09\/Loisir.png 200w\" sizes=\"(max-width: 150px) 100vw, 150px\" \/><\/a><figcaption class=\"wp-element-caption\">Licence loisir<\/figcaption><\/figure><\/div>\n\n\n<p><\/p>\n\n\n\n<p><\/p>\n\n\n\n<p><\/p>\n\n\n\n<p><\/p>\n\n\n\n<p><\/p>\n\n\n\n<hr class=\"wp-block-separator has-alpha-channel-opacity\"\/>\n\n\n\n<h1 class=\"wp-block-heading\">Inscription 100 % en ligne<\/h1>\n\n\n\n<hr class=\"wp-block-separator has-alpha-channel-opacity\" id=\"block-cc70a1e5-3507-40f2-8a72-da188ee5b906\"\/>\n\n\n\n<p>Vous pouvez d\u00e9sormais tout faire en ligne pour vous inscrire, seul le certificat peut vous \u00eatre demand\u00e9.<\/p>\n\n\n\n<p>T\u00e9l\u00e9charger le mod\u00e8le ici : <a href=\"https:\/\/lstbad.fr\/wp-content\/uploads\/2025\/08\/Certificat-medical-de-non-contre-Indication.pdf\" target=\"_blank\" rel=\"noreferrer noopener\">Certificat m\u00e9dical 2025\/2026<\/a><\/p>\n\n\n\n<p id=\"block-2010bcea-4ada-402a-8273-322e6ec1f448\"><strong>Pour le renouvellement de licence :<\/strong> <a href=\"https:\/\/myffbad.fr\" target=\"_blank\" rel=\"noreferrer noopener\">https:\/\/myffbad.fr<\/a><\/p>\n\n\n\n<p><strong>Pour les nouvelles licences : <\/strong><a href=\"https:\/\/adherer.ffbad.club\/LSTBAD81 \">ht<\/a><a href=\"https:\/\/adherer.ffbad.club\/LSTBAD81\" target=\"_blank\" rel=\"noreferrer noopener\">tps:\/\/adherer.ffbad.club\/LSTBAD81<\/a><a href=\"https:\/\/adherer.ffbad.club\/LSTBAD81 \"> <\/a><\/p>\n\n\n\n<p id=\"block-4148287f-a690-4c66-a8d5-46ca1d21aafa\">Pour les r\u00e9inscriptions, le pas \u00e0 pas vous aidera si vous ne trouvez pas le site et le formulaire intuitifs.<\/p>\n\n\n\n<p id=\"block-b1d5c365-31be-47a4-9cf5-078fbbd89a9a\">Nous serons \u00e9galement disponibles par mail ou sur les cr\u00e9neaux pour vous aider si besoin.<\/p>\n\n\n\n<p id=\"block-8a906f2b-fc36-40aa-a815-2d72078a5871\"><a href=\"https:\/\/lstbad.fr\/wp-content\/uploads\/2023\/08\/Pas-a-pas-reinscription-en-ligne.pdf\">Guide pas \u00e0 p<\/a><a rel=\"noreferrer noopener\" href=\"https:\/\/lstbad.fr\/wp-content\/uploads\/2022\/09\/Pas-a-pas-reinscription-en-ligne.pdf\" target=\"_blank\">as<\/a><\/p>\n\n\n\n<hr class=\"wp-block-separator has-alpha-channel-opacity\"\/>\n","protected":false},"excerpt":{"rendered":"<p>Pratique intensive (tournois et\/ou interclubs)<\/p>\n","protected":false},"author":1,"featured_media":138,"parent":0,"menu_order":0,"comment_status":"closed","ping_status":"closed","template":"","meta":{"footnotes":""},"class_list":["post-98","page","type-page","status-publish","has-post-thumbnail","hentry"],"_links":{"self":[{"href":"https:\/\/lstbad.fr\/index.php\/wp-json\/wp\/v2\/pages\/98"}],"collection":[{"href":"https:\/\/lstbad.fr\/index.php\/wp-json\/wp\/v2\/pages"}],"about":[{"href":"https:\/\/lstbad.fr\/index.php\/wp-json\/wp\/v2\/types\/page"}],"author":[{"embeddable":true,"href":"https:\/\/lstbad.fr\/index.php\/wp-json\/wp\/v2\/users\/1"}],"replies":[{"embeddable":true,"href":"https:\/\/lstbad.fr\/index.php\/wp-json\/wp\/v2\/comments?post=98"}],"version-history":[{"count":0,"href":"https:\/\/lstbad.fr\/index.php\/wp-json\/wp\/v2\/pages\/98\/revisions"}],"wp:featuredmedia":[{"embeddable":true,"href":"https:\/\/lstbad.fr\/index.php\/wp-json\/wp\/v2\/media\/138"}],"wp:attachment":[{"href":"https:\/\/lstbad.fr\/index.php\/wp-json\/wp\/v2\/media?parent=98"}],"curies":[{"name":"wp","href":"https:\/\/api.w.org\/{rel}","templated":true}]}}